econd derivative of g**4/12 - g**3/3 + g**2 - 2*g. Determine l(d).
2
Let r(d) = -d + 2. Let z(b) = 2*b + 14. Let v be z(-6). Calculate r(v).
0
Suppose 0*r = -r - 4. Let i(b) be the second derivative of b**6/360 + b**5/120 - b**4/8 - b**3/3 - 6*b. Let d(z) be the second derivative of i(z). Give d(r).
9
Let o(t) = -t**3 + 8*t**2 - 8*t + 9. Let h(a) = 2*a**2 + a + 1. Let i be h(-2). Let k be o(i). Let f(j) = 3 - 3 - 2*j**k. What is f(2)?
-8
Let m = 17 + -25. Let i be ((-4)/m)/(2/8). Let h(d) = d**3 - 2*d**2 - 2*d + 2. Calculate h(i).
-2
Let u = -33 - -29. Let a(t) = -t. Let g(j) = 8*j - 6. Let b(c) = -12*a(c) - g(c). What is b(u)?
-10
Let r(o) be the third derivative of -o**5/30 + o**4/8 + 2*o**3/3 + 11*o**2. Calculate r(4).
-16
Let j = -46 + 41. Let r(z) be the third derivative of z**6/120 + z**5/12 + z**4/24 + 5*z**3/6 - z**2. Calculate r(j).
0
Let c(a) = 11*a - 22. Let r(q) = -5*q + 10. Let l(j) = -4*c(j) - 9*r(j). What is l(8)?
6
Let f(t) = t - 6. Suppose -3*a = -4*l + 2, -l = -2*a + 3*l. Let m(p) = -3*p + 11. Let n(y) = a*m(y) - 5*f(y). Suppose -8*s = 13*s. What is n(s)?
8
Let t(h) = 13*h**3 - h - 2 - 2*h**2 - 8*h**3 - 7*h**3. What is t(-2)?
8
Let y(d) = d**2 - 5*d - 1. Let m be y(5). Let w(j) = 2 + 2 - 5 - 2*j - 2*j. Calculate w(m).
3
Let d(a) = 5 - a - 2*a + 4 - a**2 - 10. What is d(-5)?
-11
Let z(s) = -s**3. Let k(v) = 3*v**3 - v - 1. Let c(y) = 2*k(y) + 7*z(y). What is c(-2)?
10
Let j(b) = -18*b**2 + 2*b + 1. Let r(t) = t**3 + t**2 + 4*t + 3. Let z be r(-1). Determine j(z).
-19
Let q(n) = -n**2 - 8*n - 5. Let v = -17 - -10. What is q(v)?
2
Let b be (-5)/(-10)*-4 - -2. Let l(a) = -a. Let k(y) = -3 - 3*y + 0*y - 4*y. Let t(j) = k(j) - 6*l(j). Determine t(b).
-3
Let j(m) = 2*m - 9. Suppose 33 = 4*v + 5*h, -3*v + 3*h - 3 = -21. What is j(v)?
5
Let h(j) be the second derivative of j**3/3 - j**2 + 5*j. What is h(5)?
8
Let c(d) = -d**3 - 6*d**2 - 4*d - 4. Suppose 4*q = 3*q. Let x be 0 + q - (1 - -4). Calculate c(x).
-9
Suppose 15*t - 12*t - 3 = 0. Suppose -t = -w - 5. Let o(j) = j**3 + 3*j**2 - 3*j - 1. Determine o(w).
-5
Let n(u) = 5*u**3 + 11*u**2 - 10*u - 10. Let b(g) = -11*g**3 - 23*g**2 + 20*g + 21. Let w(q) = -4*b(q) - 9*n(q). Give w(-8).
-10
Suppose -n = -2*d + 4, -3*d + n + 6 = -2. Suppose -3*x = -2 - d. Let j(f) = -3 - 3 + x - f. Determine j(4).
-8
Suppose 0 = -b - 3*c - 5 + 2, 5*c + 22 = 4*b. Suppose -b*d + 11 = -4*m - 7, -2*d - 3*m - 5 = 0. Let o(i) = -4*i - d + 1 + 2*i + 0. Give o(1).
-3
Let p(f) = f**2 + 5*f + 2. Let n be p(-3). Let z(l) = 2*l + 6. Let w be z(n). Let o be w*1*1*-2. Let a(s) = s**3 - 3*s**2 - 4*s. What is a(o)?
0
Let i(g) = -3*g + 3. Let v = 177 - 174. What is i(v)?
-6
Let l(o) = 10*o + 1. Let m(b) = -b**2 - 8*b - 11. Let u be m(-6). What is l(u)?
11
Let p(o) = o - 4. Let a be p(-2). Let h(z) = z**3 + 6*z**2 + 3*z + 6. Calculate h(a).
-12
Suppose 3*v - 7 = -5*s, 0 = 2*s + s - 4*v + 19. Let f = 1 - s. Let t(a) = 2 - f + 1 + 2*a. What is t(-2)?
-3
Suppose 4*j + 2*u = 14, 3*j + u - 3 = 2*u. Suppose -5 = -p, j*c + 7*p - 17 = 2*p. Let m(l) = -2*l**2 - 5*l + 3. Determine m(c).
-9
Let s(y) = 3*y**2 + 5*y - 4*y**2 + 2*y**2. Calculate s(-4).
-4
Let z(h) = h + 2. Let a = 89 - 96. Calculate z(a).
-5
Let h(s) be the first derivative of -1 + 1/2*s**2 + 6*s. What is h(-5)?
1
Suppose -4*x = 4*o - 12, 26 = -5*x + 2*x + 4*o. Let g(q) = 14 - 2 - 5 - 2*q**2 - 6 - q. Give g(x).
-5
Let n(l) be the third derivative of -l**6/120 + l**5/12 - l**4/12 + l**3/2 + l**2. Let y be (-2)/12 + (-124)/(-24). Determine n(y).
-7
Let p(h) = 10*h - 2. Let v(b) = -5*b + 1. Let t(y) = -3*p(y) - 5*v(y). What is t(1)?
-4
Let m(q) be the second derivative of q**5/20 + q**3/6 + 3*q**2 - 2*q. Determine m(0).
6
Let t(x) = -x**2 + 2*x + 4. Let a be t(3). Let r(w) = -4*w + 0*w + a + 4 + 3*w. Give r(4).
1
Let z(g) = -3*g**3 + 8*g**2 + 6*g - 9. Let y(a) = -a**3 + 3*a**2 + 2*a - 3. Let w(c) = 8*y(c) - 3*z(c). Let h(v) = -4*v - 70. Let f be h(-18). Give w(f).
7
Suppose -40*c + 35*c = -5. Let x(z) = -7*z**3 + 1. Calculate x(c).
-6
Let l(b) = -5*b**3 - 10*b**2 + 7*b + 21. Let u(y) = 2*y**3 + 5*y**2 - 3*y - 10. Let i(d) = 3*l(d) + 7*u(d). Determine i(5).
-7
Let z = -24 + 26. Let x be (11 - -4)*z/6. Let a(r) = r**3 - 6*r**2 + 7*r - 2. Calculate a(x).
8
Let w(c) = -2*c**3 + c**2 - 3*c + 7. Let i(a) = -a**3 + a**2 - 2*a + 4. Let l(r) = -11*i(r) + 6*w(r). Give l(-6).
10
Let y(v) = -8*v**3 + 2*v**2 - 2*v + 1. Suppose -5*j = -4*c - 60 + 22, -c - 3 = 2*j. Let g = -6 - c. Give y(g).
-7
Let b(n) = -10*n + 1 + 2*n**2 - n**2 + 10. Let x be b(9). Let l(o) = -2*o + 9*o**x - 3*o**3 - 4*o**2 + 2*o**3 + 1. Give l(2).
9
Let r = -53 - -46. Let j be 6*(0 - 0 - 2). Let k = j - r. Let d(t) = -t + 2. Determine d(k).
7
Let u(x) be the third derivative of -x**6/60 - x**5/15 - x**3/3 - 26*x**2. Determine u(-3).
16
Let k(o) = 14*o**3 - o - 1. Suppose -2 - 3 = 5*y. Give k(y).
-14
Let d(u) be the first derivative of 1/4*u**4 + 4/3*u**3 - u**2 + 5 + 2*u. Give d(-4).
10
Let f(q) = 0*q + 1 - 3*q + 2*q. Let x = 24 - 27. Determine f(x).
4
Suppose 2 = -s + 8. Let t(w) be the third derivative of w**5/60 - w**4/4 + 5*w**3/6 - w**2. What is t(s)?
5
Let z(p) be the second derivative of 0 + 1/2*p**2 - 4*p - 1/12*p**4 + 1/3*p**3. What is z(3)?
-2
Let u(a) = -7*a - 4. Let q(s) = 8*s + 5. Let i = -3 + -3. Let k(d) = i*q(d) - 7*u(d). Suppose 0 = -4*n + 2*m - 14, 4*n = 4*m - 6 - 14. Determine k(n).
-4
Let h be (-2)/6 - (-7)/3. Suppose 3*o = 5*p + 5, h*p + 2*p - 3*o + 7 = 0. Let d(u) = -4*u**2 + 3 - 3*u**2 - 4 + p*u. What is d(1)?
-6
Let h(m) = -2*m. Let i(s) = 2*s - 6. Let y(d) be the first derivative of -2*d - 3. Let l(b) = 2*i(b) - 6*y(b). Let k(o) = 10*h(o) + 4*l(o). Give k(1).
-4
Let u(m) = 7*m + 32. Let c be u(-3). Let i(r) = -r**2 + 10*r + 5. Calculate i(c).
-6
Let q(p) be the first derivative of -p**4/4 - 4*p**3/3 - p**2 - p - 4. Calculate q(-2).
-5
Suppose 2*y - 18 - 2 = 4*d, -d = 2*y. Let f(j) be the third derivative of -j**6/120 - j**5/12 - j**4/6 + 3*j**2. What is f(d)?
0
Let v(b) be the second derivative of -b**3/6 - b**2/2 + b. Let s be -9*(-4)/12 - 9. Let g(p) = 5*p - 1. Let t(w) = s*v(w) - g(w). Calculate t(0).
7
Let k(v) = -v**3 - 5*v**2 - 3. Suppose 0 = 5*b + 4*f + 37, -4*b + 3*f = -6*b - 19. Determine k(b).
-3
Let t(l) = -l**3 + 9 + 4 + 4*l**2 + 0*l**2 - 7*l - 7. Give t(4).
-22
Let d(a) = a - 1. Let n = -3 - -3. Suppose -y - 3*k + 3 = 0, n*y + 2*k + 6 = 2*y. Determine d(y).
2
Let g(d) be the third derivative of -1/60*d**5 + 0*d + 0 + 1/12*d**4 - d**2 - 1/3*d**3. Give g(3).
-5
Let g(h) = -1 - 6*h**3 - 2*h + 2*h + h**3. Determine g(-1).
4
Suppose 4*r + 16 = 0, 0 = a - 2*a + r - 1. Let l be 0 + (-6)/((-2)/1). Let m(z) = -4 - 7*z - 6*z**2 + 2*z**3 - l*z**3 + 0*z**3. Calculate m(a).
6
Let x(v) = 9*v + 3. Let z(a) = a + 1. Let u(b) = x(b) - 4*z(b). Give u(-1).
-6
Let o(s) = -2*s - 12. Let u be o(-7). Let z(y) be the first derivative of -u - 3/2*y**2 - y. Give z(-1).
2
Let j = 6 + -4. Let y(n) = -n**3 + 3*n**2 + n + 1. What is y(j)?
7
Let m(s) = s - 8. Suppose n + n = 0. Let j = n - -2. Suppose -j*o = -o - 4. Determine m(o).
-4
Let t(z) be the third derivative of z**5/60 - z**4/6 - z**3/2 - 9*z**2. What is t(6)?
9
Let g(f) be the third derivative of -f**2 + 1/6*f**3 + 0 + 1/24*f**4 + 0*f. Determine g(-6).
-5
Let t(s) = -s**2 - s + 7. Suppose -3*f - 42 = -4*g, -3*f + 2*g - 12 = 24. Let i be (-2)/(-4)*(0 + f). Determine t(i).
-13
Let t(a) = a**2 - 6*a + 5. Let s = -5 - -11. Calculate t(s).
5
Let p(n) = n**3 + 4*n**2 + 4*n + 6. Let t(c) = -c**2 + 4*c - 1. Let a be t(2). Suppose g + 7 = a. Calculate p(g).
-10
Let q(o) = -4*o - 5. Let z(n) = -3*n - 6. Let h(p) = -4*q(p) + 5*z(p). Calculate h(0).
-10
Suppose 10 = 2*t, -2*t = -5*d + 3*t + 5. Let r(c) = -c + 4. What is r(d)?
-2
Let k(d) = -d**2 + 9*d - 10. Let x be k(8). Let s(r) = -r**2 - 3*r + 2. Determine s(x).
4
Let n be (1 + 2)/(-2 - -3). Let p(h) = h**3 + n*h**2 + h + 1 + 0*h**3 + 2*h - h**2. Determine p(-2).
-5
Let z(h) = -h + 6 + 7*h - 4*h - 3*h. Give z(7).
-1
Let w(m) = -m**3 - 8*m**2 + 7*m - 12. Let k be w(-9). Let n(d) = -d**3 + 5*d**2 + 5*d + 5. Give n(k).
-1
Let k(o) = -20 + 21 + 2*o**3 - o**3 + 3*o**2. Let a = 2 - 5. Give k(a).
1
Let w(i) be the first derivative of -i**4/4 - i**3/3 - 13*i + 2. Give w(0).
-13
Let f be (2/5)/(2/10). Let b(h) =